base 6
4131
What is -434 (base 12) in base 10?
-616
Convert -3880 (base 15) to base 2.
-10111100001101
What is 129 (base 14) in base 16?
e9
Convert -4023 (base 9) to base 11.
-2230
1371 (base 10) to base 16
55b
Convert 193 (base 11) to base 9.
267
What is 3140003 (base 5) in base 15?
10853
2165 (base 8) to base 6
5141
c80 (base 15) to base 9
3773
230322 (base 4) to base 5
42444
Convert -2294 (base 15) to base 10.
-7339
-868 (base 9) to base 3
-222022
Convert -17303 (base 8) to base 15.
-2500
What is -7390 (base 11) in base 13?
-45b3
What is 120200101 (base 3) in base 5?
331211
-7432 (base 9) to base 15
-193b
What is 42063 (base 7) in base 13?
4920
What is 1333132 (base 4) in base 3?
102012011
What is -42388 (base 10) in base 4?
-22112110
7122 (base 13) to base 6
200040
What is -10200 (base 3) in base 15?
-69
Convert 22212003 (base 4) to base 11.
2a670
1232300 (base 4) to base 8
15660
Convert -3152 (base 8) to base 11.
-1263
-3a2 (base 13) to base 15
-2c9
What is -159 (base 15) in base 10?
-309
What is -418d (base 14) in base 8?
-26041
What is -38c3 (base 13) in base 4?
-1332212
What is -434 (base 6) in base 14?
-bc
11000001010111 (base 2) to base 12
71b3
What is -8b3a (base 16) in base 7?
-205625
Convert -20133 (base 4) to base 8.
-1037
10000202 (base 4) to base 2
100000000100010
161 (base 10) to base 4
2201
Convert -611 (base 10) to base 4.
-21203
What is -18e (base 16) in base 6?
-1502
16436 (base 13) to base 10
42464
Convert -41103 (base 7) to base 4.
-2130033
Convert 1111011110 (base 2) to base 4.
33132
243 (base 12) to base 7
663
Convert 6385 (base 9) to base 12.
2872
Convert 11211111 (base 3) to base 7.
13162
10000010111011 (base 2) to base 3
102111100
Convert -7770 (base 9) to base 4.
-1121211
Convert -953 (base 13) to base 16.
-635
What is -3265 (base 7) in base 14?
-5dc
What is 261 (base 15) in base 16?
21d
What is 94 (base 10) in base 3?
10111
Convert 104 (base 5) to base 16.
1d
100010111101 (base 2) to base 9
3055
What is 30211133 (base 4) in base 2?
1100100101011111
263423 (base 7) to base 12
24612
Convert -1302001 (base 4) to base 16.
-1c81
What is 53b (base 13) in base 5?
12040
Convert 1a4 (base 15) to base 3.
112001
What is 103242 (base 6) in base 8?
20512
Convert c4c (base 16) to base 5.
100043
What is 144141 (base 5) in base 13?
2a69
-2600 (base 11) to base 12
-1b64
What is -60f (base 16) in base 9?
-2113
Convert -1101 (base 2) to base 12.
-11
Convert aa3 (base 11) to base 12.
923
-671 (base 14) to base 2
-10011111011
-10120122 (base 3) to base 2
-101000110001
What is -2301003 (base 4) in base 12?
-6683
3db (base 15) to base 12
615
Convert 1000101 (base 2) to base 5.
234
Convert 1048 (base 10) to base 14.
54c
Convert 360 (base 9) to base 8.
451
12b46 (base 12) to base 2
110010011100110
Convert 2142 (base 7) to base 2.
1011111101
Convert 202102 (base 3) to base 12.
39b
12 (base 9) to base 3
102
Convert -54 (base 8) to base 13.
-35
939b (base 12) to base 6
202315
2044 (base 7) to base 15
32d
What is 1000011202 (base 3) in base 2?
100110101100011
What is -529 (base 10) in base 8?
-1021
What is -1230321 (base 5) in base 11?
-169aa
Convert -10122022 (base 3) to base 13.
-1292
What is -324 (base 7) in base 9?
-203
-14e (base 16) to base 12
-23a
Convert -1080 (base 9) to base 4.
-30201
31442 (base 8) to base 2
11001100100010
420142 (base 5) to base 10
13797
What is -61a (base 12) in base 11?
-736
What is -2add (base 16) in base 11?
-8276
Convert 2511 (base 6) to base 15.
2b4
What is -20002022 (base 3) in base 11?
-3373
Convert -1312232 (base 4) to base 14.
-2aaa
What is -9322 (base 12) in base 14?
-5b98
Convert -11610 (base 7) to base 10.
-3045
Convert -5666 (base 7) to base 10.
-2057
What is 561 (base 16) in base 13?
81c
-33321123 (base 4) to base 13
-2383b
Convert -8870 (base 9) to base 12.
-3953
What is 11101 (base 5) in base 14?
3d6
What is 1102100 (base 5) in base 10?
19025
Convert -70 (base 10) to base 3.
-2121
Convert 10311 (base 4) to base 6.
1233
66 (base 8) to base 4
312
What is 1c7 (base 15) in base 3?
120021
Convert -22814 (base 9) to base 12.
-89a1
1202102 (base 3) to base 10
1280
-4cf (base 16) to base 7
-3406
-357 (base 13) to base 2
-1001000011
-dc (base 14) to base 15
-ce
What is 331 (base 12) in base 15?
214
Convert 642 (base 8) to base 15.
1cd
What is -1030 (base 6) in base 5?
-1414
What is 12212111 (base 3) in base 9?
5774
Convert 1ca (base 16) to base 9.
558
Convert 16962 (base 13) to base 9.
65410
Convert -206136 (base 7) to base 3.
-1211001000
-150735 (base 9) to base 8
-264445
What is -52510 (base 6) in base 5?
-211343
What is -13506 (base 8) in base 5?
-142313
-21 (base 11) to base 14
-19
What is 65 (base 14) in base 4?
1121
What is 222 (base 12) in base 16?
13a
-736 (base 9) to base 11
-4a6
What is 10100111101 (base 2) in base 8?
2475
What is 652 (base 13) in base 6?
5001
Convert -20132 (base 4) to base 12.
-392
What is 4223010 (base 5) in base 7?
412122
-4361 (base 7) to base 14
-7d8
What is b9b (base 12) in base 3?
2100002
-c10 (base 16) to base 4
-300100
-2066 (base 10) to base 8
-4022
What is -3032 (base 8) in base 11?
-11a0
176a (base 16) to base 9
8200
Convert -43a2 (base 11) to base 16.
-16a7
Convert 31 (base 15) to base 6.
114
10120100 (base 3) to base 16
a29
6f (base 16) to base 11
a1
Convert -93d7 (base 14) to base 13.
-b796
-1011 (base 2) to base 16
-b
-24611 (base 7) to base 3
-22212212
What is -6006 (base 15) in base 11?
-14245
-6600 (base 11) to base 15
-28ac
What is 13c09 (base 15) in base 14?
191ab
Convert -21122211 (base 4) to base 5.
-2213230
What is -30105 (base 8) in base 3?
-121221200
537 (base 9) to base 5
3224
Convert -1252 (base 7) to base 10.
-478
Convert 7206 (base 12) to base 3.
121222220
Convert -6454 (base 16) to base 9.
-38207
What is 204004 (base 5) in base 12?
3aaa
Convert 1210 (base 4) to base 9.
121
What is 31103 (base 5) in base 10?
2028
8758 (base 9) to base 7
24545
What is 330222 (base 5) in base 7?
44660
-2711 (base 9) to base 13
-c07
Convert -188 (base 10) to base 4.
-2330
Convert -124 (base 6) to base 9.
-57
Convert -2b73 (base 13) to base 12.
-380b
Convert 7d8a (base 14) to base 10.
21878
What is 3054 (base 12) in base 11?
3a41
-49a2 (base 13) to base 16
-28c9
What is -10200220112 (base 3) in base 7?
-422225
1b7 (base 14) to base 7
1020
21110220 (base 3) to base 11
4106
What is 1200112101 (base 3) in base 5?
2030233
930 (base 15) to base 13
c33
What is 8d2e (base 15) in base 10?
29969
What is 102011 (base 4) in base 9?
1525
-6e (base 16) to base 11
-a0
What is 355145 (base 6) in base 8?
74351
-1633 (base 12) to base 13
-1275
What is 3545 (base 12) in base 5?
142312
Convert 205a (base 11) to base 10.
2727
Convert -2732 (base 8) to base 4.
-113122
What is 460 (base 7) in base 15?
10d
What is -6190 (base 13) in base 4?
-3102130
-312000 (base 4) to base 3
-11202000
What is 3a62 (base 12) in base 6?
51002
What is 6147 (base 10) in base 2?
1100000000011
What is -8a5 (base 14) in base 2?
-11010110001
Convert -773b (base 13) to base 5.
-1012422
Convert 27a (base 14) to base 16.
1f4
What is 3060 (base 10) in base 4?
233310
What is 215311 (base 6) in base 7?
103414
1365 (base 13) to base 8
5343
What is -3012 (base 11) in base 15?
-12c1
Convert 133402 (base 8) to base 5.
2444400
121320 (base 5) to base 11
3499
Convert 2668 (base 10) to base 16.
a6c
Convert 210311 (base 4) to base 15.
a72
What is -36631 (base 9) in base 10?
-24571
Convert -1baa (base 12) to base 9.
-4644
Convert -13080 (base 9) to base 6.
-104500
What is -20434 (base 7) in base 15?
-174d
What is 237 (base 15) in base 16?
1f6
What is -10500 (base 7) in base 10?
-2646
What is 4214 (base 9) in base 13?
153a
What is 1571 (base 11) in base 8?
3736
What is -125255 (base 7) in base 4?
-11232212
What is -10011102 (base 3) in base 6?
-14402
Convert 101101000 (base 2) to base 9.
440
Convert -4c12 (base 14) to base 6.
-141440
-35 (base 8) to base 10
-29
What is 53212 (base 6) in base 12?
4208
What is -112220 (base 3) in base 6?
-1510
-17048 (base 9) to base 13
-5438
Convert 845 (base 11) to base 4.
33321
What is -8a12 (base 11) in base 5?
-334441
Convert -1353 (base 13) to base 4.
-223110
-1110001011101 (base 2) to base 10
-7261
Convert -16466 (base 9) to base 12.
-6673
-6777 (base 11) to base 4
-2023111
-5472 (base 11